{"id":59,"date":"2022-11-16T21:27:51","date_gmt":"2022-11-16T21:27:51","guid":{"rendered":"https:\/\/lohjanteho.net\/wordpress\/?page_id=59"},"modified":"2025-06-03T18:06:32","modified_gmt":"2025-06-03T18:06:32","slug":"etusivu","status":"publish","type":"page","link":"https:\/\/lohjanteho.net\/wordpress\/","title":{"rendered":"Etusivu"},"content":{"rendered":"\n<p><strong>Lohjan Tehon sulkapallojaosto<\/strong><\/p>\n\n\n\n<p>Seuran virallinen nimi on V&amp;U-seura Lohjan Teho ry. Seura on perustettu 16.01.1930. T\u00e4ll\u00f6in seurassa toimi useita eri jaoksia, kuten hiihto-, suunnistus-, py\u00f6r\u00e4ily-, lentopallo-, ja kuntoliikuntajaos.<\/p>\n\n\n\n<p>Nyt toimivia jaoksia on: Sulkapallo ja soutu<br>Perttil\u00e4ss\u00e4 toimiva sulkapallojaosto on perustettu vuonna 1988.<\/p>\n\n\n\n<p>Nykyisin seuraan kuuluu noin 30-40 j\u00e4sent\u00e4, joista kymmenkunta k\u00e4y aktiivisesti kilpailuissa.<br>Harjoituksia on 4 kertaa viikossa.<\/p>\n\n\n\n<p><strong>Sijainti:<\/strong><\/p>\n\n\n\n<p>Perttil\u00e4n koulun liikuntasali<br>Hakulintie 30, 08500 LOHJA AS<\/p>\n\n\n\n<p><\/p>\n","protected":false},"excerpt":{"rendered":"<p>Lohjan Tehon sulkapallojaosto Seuran virallinen nimi on V&amp;U-seura Lohjan Teho ry. Seura on perustettu 16.01.1930. T\u00e4ll\u00f6in seurassa toimi useita eri jaoksia, kuten hiihto-, suunnistus-, py\u00f6r\u00e4ily-, lentopallo-, ja kuntoliikuntajaos. Nyt toimivia jaoksia on: Sulkapallo ja soutuPerttil\u00e4ss\u00e4 toimiva sulkapallojaosto on perustettu vuonna &hellip; <a href=\"https:\/\/lohjanteho.net\/wordpress\/\">Lue loppuun <span class=\"meta-nav\">&rarr;<\/span><\/a><\/p>\n","protected":false},"author":1,"featured_media":0,"parent":0,"menu_order":0,"comment_status":"closed","ping_status":"closed","template":"","meta":{"footnotes":""},"class_list":["post-59","page","type-page","status-publish","hentry"],"_links":{"self":[{"href":"https:\/\/lohjanteho.net\/wordpress\/index.php\/wp-json\/wp\/v2\/pages\/59","targetHints":{"allow":["GET"]}}],"collection":[{"href":"https:\/\/lohjanteho.net\/wordpress\/index.php\/wp-json\/wp\/v2\/pages"}],"about":[{"href":"https:\/\/lohjanteho.net\/wordpress\/index.php\/wp-json\/wp\/v2\/types\/page"}],"author":[{"embeddable":true,"href":"https:\/\/lohjanteho.net\/wordpress\/index.php\/wp-json\/wp\/v2\/users\/1"}],"replies":[{"embeddable":true,"href":"https:\/\/lohjanteho.net\/wordpress\/index.php\/wp-json\/wp\/v2\/comments?post=59"}],"version-history":[{"count":3,"href":"https:\/\/lohjanteho.net\/wordpress\/index.php\/wp-json\/wp\/v2\/pages\/59\/revisions"}],"predecessor-version":[{"id":337,"href":"https:\/\/lohjanteho.net\/wordpress\/index.php\/wp-json\/wp\/v2\/pages\/59\/revisions\/337"}],"wp:attachment":[{"href":"https:\/\/lohjanteho.net\/wordpress\/index.php\/wp-json\/wp\/v2\/media?parent=59"}],"curies":[{"name":"wp","href":"https:\/\/api.w.org\/{rel}","templated":true}]}}